*q + 135 + 157. List the prime factors of q.
73
Let l be (-3)/(-15) + (-162)/(-15). Suppose -5*w + l = 1. List the prime factors of w.
2
Let l(o) = 2*o**3 + o + 4 + o**3 - 2*o**3 - 4*o**2. List the prime factors of l(4).
2
Suppose -4*s = s - 60. What are the prime factors of s?
2, 3
Let l = 7 + -1. Suppose 3*t + 9 = l*t. List the prime factors of ((-2)/t*57)/(-2).
19
Let r be ((-168)/(-70))/(2/(-220)). What are the prime factors of 2/(-4)*r/4?
3, 11
Suppose p = -1 + 3. Suppose 5*j - 75 = p*g, -6*j + 67 = -2*j - 3*g. What are the prime factors of j?
13
Suppose 0 = 5*d + 4*f - 284, -3*d = -2*d + 2*f - 52. List the prime factors of d.
2, 3, 5
List the prime factors of 3 + 2/4*6.
2, 3
Suppose -4*o = k - 10, -4*k - 2*o + 14 = o. Let y be 27/6*12 + k. Suppose j = 5*j - y. What are the prime factors of j?
2, 7
Suppose -5*v + 50 = -3*v. List the prime factors of v.
5
Let n be (-1)/(1/8*-2). Suppose 0 = n*u - 3*u - 11. List the prime factors of u.
11
Let h = -7 - -6. What are the prime factors of 4 + 0 + 2 + h?
5
What are the prime factors of (76/(-10))/((-12)/120)?
2, 19
Suppose -5*u = -0*u + 5*h - 540, u - 2*h - 99 = 0. List the prime factors of u.
3, 5, 7
Let b(p) be the first derivative of -p**4/4 - 11*p**3/3 + p**2/2 + 13*p + 3. List the prime factors of b(-11).
2
Let t(n) = n**3 - n**2 + n - 1. Let v be t(2). Let j(i) = -i**2 + 9*i - 4. What are the prime factors of j(v)?
2
Let m(d) = -d. Let w be m(-3). Let k(z) = 2*z**2 - 4*z + 3. What are the prime factors of k(w)?
3
Let x(y) = y - 8. Let z be x(11). Suppose -2*p = z*p - 85. Let g = p + -6. List the prime factors of g.
11
Let a(u) = u**2 + 20*u - 14. List the prime factors of a(8).
2, 3, 5, 7
Let k(l) = 5*l. Let p(b) = -4*b - 1. Let s(i) = -2*k(i) - 3*p(i). Let q = 6 - 3. List the prime factors of s(q).
3
Let s be 3/15 - (-57)/15. List the prime factors of (2*-1)/(s/(-16)).
2
Let t(w) = -w**2 + 2*w - 3. Let o(x) = x**3 + 5*x**2 + 3. Let f be o(-5). Let p be t(f). What are the prime factors of (p/4)/(2/(-16))?
2, 3
Suppose -68 = 5*k + 82. Let w = k - -74. List the prime factors of w.
2, 11
Let y = 219 - 141. What are the prime factors of y?
2, 3, 13
Let g(q) = -q**2 + 6*q. Let k be g(5). Suppose -2*l - 7*u = -3*u + 94, -130 = 3*l - k*u. List the prime factors of (16/(-10))/(6/l).
2, 3
Let p be 2/4 + (-6)/(-4). Suppose 39 = -4*q + 43. Let f = p + q. What are the prime factors of f?
3
Suppose -6*k + 3*k = -9. Suppose -68 = -4*f + 4*d, k*f + d - 45 + 2 = 0. List the prime factors of f.
3, 5
Let c(p) be the second derivative of p**3/6 - 3*p**2 - 2*p. Let s be c(6). Suppose 3*y - 18 = -s*y. List the prime factors of y.
2, 3
Suppose u = -5*c + 29, -4*c + 16 = -0*u - u. What are the prime factors of c?
5
What are the prime factors of 1 + 2 + -7 + 14?
2, 5
Suppose -x + 3*j = -12, x - 6*j - 9 = -2*j. What are the prime factors of x?
3, 7
Suppose 0 = -3*z + 5*b - 11, 2*z + 6*b - b = 1. Let p = -3 + 4. List the prime factors of p/(z/(-14)) - 0.
7
Let j = -1 - -4. Suppose -j*d + 121 = 16. List the prime factors of d.
5, 7
Let h = 199 + -95. List the prime factors of h.
2, 13
Let h be (0 + 0 + 0)/(-3). Suppose 0 = -h*j - 3*j. Let f = 8 + j. List the prime factors of f.
2
Let d be (22/6 + -3)*15. Suppose -5*t + d*t - 210 = 0. What are the prime factors of t?
2, 3, 7
Let i be 1/5 + (-19)/(-5). Suppose 2*l - 5*v + 11 = -4, 3 = -i*l + v. Suppose 4*f - 3*q = 57, 5*f + 0*q + 5*q - 45 = l. What are the prime factors of f?
2, 3
Let a(f) = 2*f + 4. Let k be a(-5). What are the prime factors of 2*(-3)/(k/29)?
29
Let g be (16/(-6))/(2/(-6)). Suppose -5*h = -g + 23. Let r = 5 + h. What are the prime factors of r?
2
What are the prime factors of 800/28 - (-12)/(-21)?
2, 7
Let v(f) = -3*f + 4 + 1 - 3 + 2*f. List the prime factors of v(-6).
2
Let d(o) = -o**2 - 4*o + 2 + 5*o**2 - 2*o. Let u(z) = -21*z**2 + 30*z - 10. Let y(q) = 11*d(q) + 2*u(q). What are the prime factors of y(4)?
2, 5
Let b(r) = -2*r**3 - 5*r**2 + 3*r - 20. What are the prime factors of b(-6)?
2, 107
Suppose 7*x + 30 = 2*x. List the prime factors of ((-4)/x)/(2/18).
2, 3
Let r = -1 + 4. Suppose -2*a = a + r. What are the prime factors of (-5)/(10/4)*a?
2
Let r(l) = l**3 + 10*l**2 + 8*l - 7. Let n be r(-9). Let k = 5 + n. Suppose q = 15 + k. List the prime factors of q.
2, 11
Let n(j) = -j**2 - 10*j + 3. Let f be n(-6). What are the prime factors of (3 - 1)*f/6?
3
Let u be (2/(-2) - 3)*-6. Let o = u - 14. List the prime factors of o.
2, 5
Let a = 303 - 177. List the prime factors of a.
2, 3, 7
Let x(o) be the second derivative of -2*o - 7/2*o**2 + 0 + 1/2*o**4 - 1/20*o**5 - 1/3*o**3. What are the prime factors of x(5)?
2
Let q = -23 + 56. Suppose q = 3*f - 18. List the prime factors of f.
17
Let u = -67 - -116. List the prime factors of u.
7
Let a(f) = -f**3 - 4*f**2 + 3*f + 2. Let n be a(-5). List the prime factors of (n/14)/(2/28).
2, 3
Let k be 3/(-2)*142/(-3). Suppose -s + k = 2*p, 2*p - 5*p = s - 108. Suppose -5*b = 2*x - 33, -2*b = 3*b - 2*x - p. List the prime factors of b.
7
Let t(z) = -3*z**3 + 9*z + 7. What are the prime factors of t(-4)?
163
Suppose -h = 2*h - 12. Suppose -2*a - 10 = -h*a. List the prime factors of 1 + (-1 - 1) + a.
2
Suppose 7 = -o + 3. Let g(b) = b**3 + 5*b**2 - 2*b - 3. List the prime factors of g(o).
3, 7
Suppose -14*v = -10*v - 240. What are the prime factors of v?
2, 3, 5
Let l be 10/(-3) - (-1)/3. Let a be 9 + (l/1 - -1). Let u = a + 2. What are the prime factors of u?
3
What are the prime factors of ((-171)/(-12))/(1 + 60/(-64))?
2, 3, 19
Let i(s) = 7*s**2 - 2*s**2 - 4 - s**3 + 8*s + s**2. Let o be i(7). Suppose 4*k - o*t = 34 - 9, 2*t - 50 = -4*k. What are the prime factors of k?
2, 5
Let o(a) = 7*a**2 + 1. Let x(w) = w**3 - 2*w**2 - 3*w + 4. Let r be x(3). Let j = r + -5. What are the prime factors of o(j)?
2
Let w(y) = -y**3 + 7*y**2 + 11*y - 12. Let b be (-2)/1 - (-4 - -2). Suppose b = l + 2 - 0, 0 = 4*q + 2*l - 28. What are the prime factors of w(q)?
2, 3
Let f be 1*2*(-12)/(-6). Let s(a) = 2*a**3 - 7*a**2 + 4*a + 1. List the prime factors of s(f).
3, 11
Suppose -2*q - 2 = 5*f + 1, 4*q + 3*f - 15 = 0. Suppose q*y - 136 = 2*y. What are the prime factors of y?
2, 17
Let s(i) = 11*i**2 - 2*i + 1. What are the prime factors of s(2)?
41
Let b(k) = 0 - 1 - 2*k**2 + 3*k**2 + k + 9*k**3. List the prime factors of b(1).
2, 5
Let f = -5 - -8. Let j = f - 0. List the prime factors of j.
3
Suppose 0*r = r + p - 34, 0 = -4*r - 5*p + 138. What are the prime factors of r?
2
Let u be (12/(-8) - -1)*-2. List the prime factors of -3 - (11/u)/(-1).
2
Suppose x + 3 - 26 = 0. Suppose -x*b + 2 = -22*b. What are the prime factors of b?
2
Suppose -110 = -2*i + 212. List the prime factors of i.
7, 23
Suppose -51 = 2*s - 2*t - 3*t, 3*t = 3*s + 81. What are the prime factors of 2*(s/(-8) - -1)?
3
Let a = -112 - -344. What are the prime factors of a?
2, 29
Suppose 0 = -4*y + 49 + 3. Let g = 5 + y. List the prime factors of g.
2, 3
Suppose -b = 4*c - 76, -3*c - 2*b = 2*b - 44. Suppose 4*x - 20 = -3*f, -x - c = -5*x - 5*f. Suppose x*n - 8 = n. List the prime factors of n.
2
Suppose -3*j = 3, 2*j + 2 - 4 = -4*o. Let b(z) = -2*z - 1 - o - 4. What are the prime factors of b(-5)?
2
Suppose b - 5*b = -20. Suppose 0 = -b*k + 7 + 8. Suppose 3*t + 7 = o - 5, 4*t + k = -3*o. What are the prime factors of o?
3
Let c(p) = -p**3 - 6*p**2 - 5*p - 2. Let s be c(-5). Let m be s/11 - 6/(-33). Suppose 2*b + q - 24 = m, -4*q - 2 = -4*b + 46. What are the prime factors of b?
2, 3
Let q = -52 - -73. Let t = q + -16. What are the prime factors of t?
5
Let c(r) = -r**2 + 12*r - 8. List the prime factors of c(11).
3
Suppose -y + 4*c = c - 11, 5*y = c + 27. Suppose -5*t = s + 9, t = 2 - 4. Suppose s + y = p. List the prime factors of p.
2, 3
Let d(i) = 2*i + 11. Let p be d(-8). Let u(g) be the first derivative of -g**2/2 + 5*g - 1. What are the prime factors of u(p)?
2, 5
Suppose -6*n = 3*s - 5*n - 62, -s + 18 = 3*n. Suppose -11 - 34 = 3*u. Let i = u + s. List the prime factors of i.
2, 3
Let v = 233 + -133. Suppose 0*s - 5*s + v = 0. List the prime factors of s.
2, 5
Suppose 0 = 4*f - t + 37, -3*t + 6 - 3 = 0. Let u(x) = x**2 + 6*x - 13. List the prime factors of u(f).
2, 7
Let u(p) = -10*p + 4. Let d be u(-6). Suppose 0*t + 4*t - d = 0. What are the prime facto